-6)). Let a = d - 2. What is the units digit of a?
8
Let l be 232/20 - 6/10. Let v = -7 + l. Suppose -29 + 1 = -v*i. What is the units digit of i?
7
What is the tens digit of ((-309)/(-2))/(-12*1/(-40))?
1
Suppose 4*d - 3*l - 2554 = -2*l, 4*d - 5*l - 2562 = 0. What is the tens digit of d?
3
Suppose 0 = 15*z + 56 - 431. Let s(f) = 6*f - 86. What is the units digit of s(z)?
4
Suppose 0 = m + 15 - 50. Suppose -7*i = -294 - m. What is the units digit of i?
7
Suppose -5*k - 40 = 5*x, -2*x + 39 = -4*k + x. Let j(n) be the first derivative of -n**4/4 - 3*n**3 - n**2/2 - 6*n + 6. What is the units digit of j(k)?
3
Suppose 11*d - 7*d = -48. Let k = 9 - d. What is the units digit of k?
1
Suppose 0 = 3*b - 6 - 0. Suppose b*h + 4 + 6 = 0. Let t = 12 - h. What is the units digit of t?
7
Suppose -898 = -5*n - 3*h, 2*h = n + 5*h - 170. What is the hundreds digit of n?
1
Let h(f) = -f**3 - 8*f**2 - 4*f + 10. Let s be h(-5). What is the tens digit of (s/(-10))/(1/18 - 0)?
8
Let d(g) = 21*g**3 - 2*g**2 - 7 - 5*g - 36*g**3 + 16*g**3. Let k = 2 + 3. What is the tens digit of d(k)?
4
Suppose -3*y = n - 1725, -5*y + 3*n = -1506 - 1369. Suppose -y = -5*a + 3*d, 0 = 5*a - 3*d + 4*d - 555. What is the hundreds digit of a?
1
Let d(a) = -2*a**3 - 44*a**2 - 22*a - 11. What is the tens digit of d(-22)?
7
Let f = 265 - -1485. What is the hundreds digit of f?
7
Let y = 6481 + -2999. What is the units digit of y?
2
Suppose 4*b - 765 = -b. Suppose 0 = -3*v + b - 9. What is the tens digit of v?
4
Let d(o) be the second derivative of -o**5/20 + 2*o**4/3 - o**3/6 - 3*o**2 - 10*o. What is the units digit of d(4)?
4
Let x = -828 + 1401. What is the units digit of x?
3
Let l(g) = -2 - 2*g**2 + 9*g**2 + 20*g**3 - 4*g - 21*g**3. What is the units digit of l(4)?
0
Suppose w - a = 2*w - 25, 3*w + 4*a = 73. Let j = w + -49. What is the units digit of (-678)/j + (-2)/(-11)?
1
Suppose f + 920 = 2*f + 4*y, 0 = -5*f - y + 4505. What is the units digit of f?
0
Let t be -12*(6/9)/1. Let h(p) be the second derivative of p**3/6 + 6*p**2 + 40*p. What is the units digit of h(t)?
4
Suppose 0 = 2*w + 8*w - 50. Suppose 77 = y + 2*q, -w*y - 4*q + 184 = -183. What is the units digit of y?
1
Let x(v) = -3*v + 36. Let j = 8 + -2. Let y be (-12)/(-8) - 9/j. What is the tens digit of x(y)?
3
Let l(k) = -154*k + 3. Let r be -7 - -4 - (0 - 2). What is the tens digit of l(r)?
5
Let h(y) = -y**3 - 9*y**2 - 4. Let v be h(-9). Let p(z) = -31*z - 1. Let s be p(v). Suppose 0 = 2*x - s + 51. What is the units digit of x?
6
Let u = -148 - -268. Suppose -4*s + u = 2*w, 3*s - 5*w + 23 - 100 = 0. What is the tens digit of s?
2
Let a = 136 + -211. Let g = a + 141. What is the tens digit of g?
6
Let z = -11405 + 16017. What is the hundreds digit of z?
6
Let k = 2816 + -1944. What is the units digit of k?
2
Suppose 4*w = 3*h + 419, -4*h + 0*h - 3*w = 567. Let v = 228 + h. Let p = v - 4. What is the units digit of p?
3
Let l be (-5 - -3)/(2/(-8)). Suppose l = k - 5*k. What is the tens digit of k + (3 - 2)*12?
1
Let c(q) = -q**3 - 10*q**2 + q + 13. Let v be c(-10). Suppose 5*h + 360 = 4*p, 0 = 2*p + v*h - 103 - 99. What is the units digit of p?
5
Suppose -2*s - 5*s + 56 = 0. Suppose 3*z - s*z + 260 = 0. What is the tens digit of z?
5
Let f be 33/(-22) - 6/(-4). Suppose f = 2*a - 3*y - 21, -y + 16 = 5*a - 11. What is the units digit of a?
6
Let t = -1386 + 5198. What is the tens digit of t?
1
Let r = 1280 + -889. What is the tens digit of r?
9
Suppose 13*b = -50*b + 25074. What is the tens digit of b?
9
Let p = -699 - -1170. What is the units digit of p?
1
Suppose i - 5*i = -320. Let a = -54 + i. What is the units digit of a?
6
Let y be -4*20/(-32)*-2. Let m be y + 4 + -2 + 1. What is the units digit of 4/((-3)/m + -1)?
8
Suppose 5*q + 3*k = -2 + 34, -4*q + 4*k = 0. Let p(t) = -2*t**3 - 6*t**2 + 11*t + 42. Let m be p(-7). Suppose 0 = q*w - m + 85. What is the tens digit of w?
6
Suppose 0 = 5*r - 4*d + 2*d - 401, 4*r - 322 = d. Suppose -v + 5*z + r = 17, 5*z = 3*v - 172. What is the tens digit of v?
5
Let k = -27 - -32. Suppose -560 = -5*m - k*g, 32 = -2*m + g + 244. What is the hundreds digit of m?
1
Suppose -2*i + 8 + 10 = 5*w, 0 = -2*w - 2*i + 6. Suppose 0 = p - 4*c + 55 - 181, 518 = w*p - 2*c. What is the tens digit of p?
3
Let i(s) = 17*s + 4. Let f(d) = -d**3 - 11*d**2 - 10*d + 3. Let k be f(-10). Let z be i(k). Suppose 4*v + 15 = z. What is the tens digit of v?
1
Let i = -561 - -1100. What is the tens digit of i?
3
Let q(p) = 2*p - 11. Let h be q(7). Suppose -7*t - h*y + 214 = -2*t, 5*t = 4*y + 228. What is the tens digit of t?
4
Let i be (1/(-2))/(4/(-152)). Let o = 21 - i. What is the tens digit of o + -1 + 14/1?
1
Let g = -6 + 8. Suppose -g*b + 34 + 156 = 0. What is the units digit of b?
5
Suppose 10 = -h - 6. Let a = 28 - h. Suppose 0 = -4*g + 24 + a. What is the tens digit of g?
1
Let a be 6 + -6 + (-1 - -1). Let g(z) = -z**2 + 4*z + 13. What is the units digit of g(a)?
3
Suppose 3*v = 6 + 3. Suppose 8*a + j = v*a + 31, 5*a - 26 = 4*j. Suppose 4*y - 11 = 3*u, y - 7*u - a = -3*u. What is the units digit of y?
2
Suppose 2*w + h = -434 + 1716, 2576 = 4*w - h. Let g = -457 + w. What is the units digit of g?
6
Suppose 2*z + 3*o = -9, 4*z + 4*o + 13 = 3*o. What is the units digit of ((-250)/15 - -3)*z?
1
Let m = 2834 - 956. What is the hundreds digit of m?
8
Let b = 181 - -145. Let n = b - 201. What is the units digit of n?
5
Let l = -221 - -536. What is the tens digit of (1 + -2)/((-9)/l)?
3
Let x = -125 + 396. What is the tens digit of x?
7
Let c(k) = -2*k + 11. Let v be c(4). Suppose 0 = v*r - 52 + 1. What is the tens digit of r?
1
Let m be (4 - -1)*((-10)/25 + -4). Let w(o) = -4*o - 22. What is the tens digit of w(m)?
6
Let f = 7 + -4. Suppose -3*u = f + 9. What is the units digit of 7*-2*6/u?
1
Suppose 6*n + 56 = -n. Let r = 0 - 1. What is the units digit of ((-30)/(-40))/(r/n)?
6
Suppose -10060 = -5*a - g, 5*a - 10*g + 7*g = 10040. What is the thousands digit of a?
2
Suppose 0 = 5*h - 4291 + 1226. Suppose -10*w + 757 = -h. What is the hundreds digit of w?
1
Let j be (-291)/(-1) + 0 + -1. Suppose j + 118 = 8*b. What is the units digit of b?
1
Let r(p) be the third derivative of 19*p**4/6 + p**3/6 - 9*p**2. What is the tens digit of r(1)?
7
Let m be -2*1*117/(-6). Let y = m - -1. What is the units digit of y?
0
Suppose 0 = -j - 3*d + 189, j - 387 = -j + 3*d. What is the units digit of j?
2
Let c(q) = 2*q**2 - q - 3. Let i(j) = 7*j. Let o be i(-1). What is the tens digit of c(o)?
0
Let x = 22 + -22. Suppose -p = 2*q - 8, 3*p + x = 4*q - 16. Suppose 3*f + 0*l - 5*l + 6 = p, 0 = 2*f - 5*l + 9. What is the units digit of f?
3
Let j(d) = -4*d**2 + 2*d**2 + 6*d**3 - 5*d**3. What is the units digit of j(3)?
9
Suppose -2*j + 7980 = 18*j. What is the tens digit of j?
9
Let w(r) = -r**3 + 3*r**2 - r + 5. Let x be w(3). Suppose 38 - 182 = -x*m. What is the units digit of m?
2
Suppose -d = -3*v + 33, 3 = -5*d - 2*v - 77. Let i be (12/18)/((-4)/d). Suppose -i*n = 4*b - 53 - 136, 235 = 5*b + 5*n. What is the units digit of b?
8
Suppose 3*i + 5*l - 456 = 0, 311 = 2*i - 22*l + 23*l. What is the tens digit of i?
5
Let a(l) = -l**3 - 11*l**2 + 13. Let j be (6/(-4))/(-3)*-24. What is the tens digit of a(j)?
5
Suppose 0 = -5*u + 4*w + 13529, 4*w - 204 = -188. What is the hundreds digit of u?
7
Suppose -2*i = 7*i. Let j(d) = d**2 + 214. What is the tens digit of j(i)?
1
Let z = 66 + -42. Let v be (9 - 10) + (-22 - -2). Let n = z + v. What is the units digit of n?
3
Let s(c) = 213*c - 160. What is the units digit of s(8)?
4
What is the units digit of 6/3 + (1 - -194)?
7
Let x = 154 - 138. Let y = 36 - x. What is the tens digit of y?
2
Suppose -3*z = -z - 202. Suppose 5*t - 325 = -2*c, 3*t + 4*c = z + 108. What is the units digit of t?
3
Let z = 23 - 13. Suppose 0 = -3*l + j + z, -5*l + 6*j - j + 10 = 0. What is the units digit of l?
4
Suppose -3*c = 3*v - 3, -4*v + 5*c = -0*c - 22. Suppose -4*x + 614 = -m - m, v*m = 5*x - 767. What is the units digit of x?
4
Let v(s) = -29*s + 3. What is the tens digit of v(-3)?
9
Let c = -11 - 1. Let p = c + 14. Suppose p*s = -2*f + 14, -4*f - 6 = -2. What is the units digit of s?
8
Suppose 4*a + 2 = 14. Suppose 4 = y + 2. What is the tens digit of (4/a)/(y/42)?
2
Suppose -6*b + 18 - 60 = 0. Let i